{"id":2691,"date":"2023-12-04T09:33:12","date_gmt":"2023-12-04T09:33:12","guid":{"rendered":"https:\/\/wp.ditsolution.net\/royella-multipurpose\/?page_id=2691"},"modified":"2024-02-23T14:08:50","modified_gmt":"2024-02-23T11:08:50","slug":"home-three","status":"publish","type":"page","link":"https:\/\/www.villarenkalacati.com\/","title":{"rendered":"City Hotel"},"content":{"rendered":"\t\t<div data-elementor-type=\"wp-page\" data-elementor-id=\"2691\" class=\"elementor elementor-2691\">\n\t\t\t\t\t\t<section class=\"elementor-section elementor-top-section elementor-element elementor-element-1a89d62 elementor-section-full_width elementor-section-height-default elementor-section-height-default\" data-id=\"1a89d62\" data-element_type=\"section\">\n\t\t\t\t\t\t<div class=\"elementor-container elementor-column-gap-no\">\n\t\t\t\t\t<div class=\"elementor-column elementor-col-100 elementor-top-column elementor-element elementor-element-d9a401e\" data-id=\"d9a401e\" data-element_type=\"column\">\n\t\t\t<div class=\"elementor-widget-wrap elementor-element-populated\">\n\t\t\t\t\t\t<div class=\"elementor-element elementor-element-bf744cf elementor-widget elementor-widget-slider\" data-id=\"bf744cf\" data-element_type=\"widget\" data-widget_type=\"slider.default\">\n\t\t\t\t<div class=\"elementor-widget-container\">\n\t\t\t\r\n        \r\n    <section class=\"dreamit-slick-slider\">\r\n        <div class=\"default-slider slick\">\r\n                                <div class=\"single-slick style-1 style-5 align-items-center d-flex text-left\">\r\n        <div class=\"container\">\r\n            <div class=\"slide-img parallax-effect\"\r\n                style=\"background:url(https:\/\/www.villarenkalacati.com\/wp-content\/uploads\/2024\/02\/YEMEK-2-.webp) center center \/ cover scroll no-repeat;\">\r\n             <\/div>\r\n                    <div class=\"white-color d-flex align-items-center\">\r\n                        <div class=\"hero-text-wrap\">\r\n                            <div class=\"hero-text\">\r\n                                <div class=\"reviews_rating\">\r\n                                    \r\n                                    \r\n                                    \r\n                                    \r\n                                                                    <\/div>\r\n                                 <h4> VILLA RENK HOTEL&#039;E HO\u015eGELD\u0130N\u0130Z <\/h4>                                  <h1 class=\"font-600\"> Ala\u00e7at\u0131'n\u0131n kalbinde e\u015fsiz konaklama deneyiminin kilidini a\u00e7\u0131n! <\/h1>                                 <p><\/p>\r\n                                <div class=\"slider-buttons\">\r\n                                                                      <a class=\"btn btn-gradient btn-md btn-animated-none\" href=\"http:\/\/www.reseliva.com\/hotel\/Villa-Renk-Otel\/index.php\" >\r\n                                       REZERVASYON                                   <\/a>\r\n                                                                                     <\/div>\r\n                   <\/div>\r\n                   <div class=\"slick-contact\">\r\n                       <div class=\"icon\"><\/div>\r\n                       <div class=\"number\"><h3><\/h3><\/div>\r\n                   <\/div>\r\n               <\/div>\r\n         <\/div>\r\n     <\/div>\r\n    <\/div>\r\n\r\n                    <div class=\"single-slick style-1 style-5 align-items-center d-flex text-left\">\r\n        <div class=\"container\">\r\n            <div class=\"slide-img parallax-effect\"\r\n                style=\"background:url(https:\/\/www.villarenkalacati.com\/wp-content\/uploads\/2024\/02\/GENEL-6-.webp) center center \/ cover scroll no-repeat;\">\r\n             <\/div>\r\n                    <div class=\"white-color d-flex align-items-center\">\r\n                        <div class=\"hero-text-wrap\">\r\n                            <div class=\"hero-text\">\r\n                                <div class=\"reviews_rating\">\r\n                                    \r\n                                    \r\n                                    \r\n                                    \r\n                                                                    <\/div>\r\n                                 <h4> VILLA RENK HOTEL&#039;E HO\u015eGELD\u0130N\u0130Z <\/h4>                                  <h1 class=\"font-600\"> Ala\u00e7at\u0131'n\u0131n huzurunu ya\u015fay\u0131n, konforu ke\u015ffedin. <\/h1>                                 <p><\/p>\r\n                                <div class=\"slider-buttons\">\r\n                                                                      <a class=\"btn btn-gradient btn-md btn-animated-none\" href=\"http:\/\/www.reseliva.com\/hotel\/Villa-Renk-Otel\/index.php\" >\r\n                                       REZERVASYON                                   <\/a>\r\n                                                                                     <\/div>\r\n                   <\/div>\r\n                   <div class=\"slick-contact\">\r\n                       <div class=\"icon\"><i aria-hidden=\"true\" class=\"flaticon flaticon-phone-call\"><\/i><\/div>\r\n                       <div class=\"number\"><h3>+90 232 723 22 26<\/h3><\/div>\r\n                   <\/div>\r\n               <\/div>\r\n         <\/div>\r\n     <\/div>\r\n    <\/div>\r\n\r\n                    <div class=\"single-slick style-1 style-5 align-items-center d-flex text-left\">\r\n        <div class=\"container\">\r\n            <div class=\"slide-img parallax-effect\"\r\n                style=\"background:url(https:\/\/www.villarenkalacati.com\/wp-content\/uploads\/2024\/02\/IMG_7208-scaled.jpg) center center \/ cover scroll no-repeat;\">\r\n             <\/div>\r\n                    <div class=\"white-color d-flex align-items-center\">\r\n                        <div class=\"hero-text-wrap\">\r\n                            <div class=\"hero-text\">\r\n                                <div class=\"reviews_rating\">\r\n                                    \r\n                                    \r\n                                    \r\n                                    \r\n                                                                    <\/div>\r\n                                 <h4> VILLA RENK HOTEL&#039;E HO\u015eGELD\u0130N\u0130Z <\/h4>                                  <h1 class=\"font-600\"> Ala\u00e7at\u0131'n\u0131n s\u0131cak atmosferinde unutulmaz bir konaklama <\/h1>                                 <p><\/p>\r\n                                <div class=\"slider-buttons\">\r\n                                                                      <a class=\"btn btn-gradient btn-md btn-animated-none\" href=\"http:\/\/www.reseliva.com\/hotel\/Villa-Renk-Otel\/index.php\" >\r\n                                       REZERVASYON                                   <\/a>\r\n                                                                                     <\/div>\r\n                   <\/div>\r\n                   <div class=\"slick-contact\">\r\n                       <div class=\"icon\"><i aria-hidden=\"true\" class=\"flaticon flaticon-phone-call\"><\/i><\/div>\r\n                       <div class=\"number\"><h3>+90 232 723 22 26<\/h3><\/div>\r\n                   <\/div>\r\n               <\/div>\r\n         <\/div>\r\n     <\/div>\r\n    <\/div>\r\n\r\n\r\n<\/div>\r\n<\/section>\r\n<script>\r\n    jQuery(document).ready(function() {\r\n        jQuery(\".default-slider\").slick({\r\n                            dots: false,\r\n                infinite: true,\r\n                centerMode: true,\r\n                autoplay: true,\r\n                autoplaySpeed: 7000,\r\n                slidesToShow: 1,\r\n                slidesToScroll: 1,\r\n                centerPadding: '0',\r\n                arrows: true\r\n                    });\r\n    });\r\n<\/script>\r\n\r\n\t\t<\/div>\n\t\t\t\t<\/div>\n\t\t\t\t\t<\/div>\n\t\t<\/div>\n\t\t\t\t\t<\/div>\n\t\t<\/section>\n\t\t\t\t<section class=\"elementor-section elementor-top-section elementor-element elementor-element-a779306 elementor-section-full_width elementor-section-height-default elementor-section-height-default\" data-id=\"a779306\" data-element_type=\"section\" data-settings=\"{&quot;background_background&quot;:&quot;classic&quot;}\">\n\t\t\t\t\t\t<div class=\"elementor-container elementor-column-gap-default\">\n\t\t\t\t\t<div class=\"elementor-column elementor-col-100 elementor-top-column elementor-element elementor-element-1363329\" data-id=\"1363329\" data-element_type=\"column\">\n\t\t\t<div class=\"elementor-widget-wrap elementor-element-populated\">\n\t\t\t\t\t\t<div class=\"elementor-element elementor-element-a6b1e19 elementor-widget elementor-widget-section-title\" data-id=\"a6b1e19\" data-element_type=\"widget\" data-widget_type=\"section-title.default\">\n\t\t\t\t<div class=\"elementor-widget-container\">\n\t\t\t\r\n\t\t\t\t\t<div class=\"section-title style7\">\r\n\t\t\t\t \r\n\t\t\t\t\t<h5 class=\"subtitle\">Villa Renk Hotel Odalar\u0131<\/h5>\r\n\t\t\t\t\t\t\t\t\r\n\t\t\t\t\t\t\t\t\r\n\t\t\t\t \r\n\t\t\t\t\t<h3 class=\"title\">Y\u00fcksek hizmet kalitesi ve konforla tan\u0131\u015f\u0131n<\/h3>\r\n\t\t\t\t\t\t\t\t\r\n\t\t\t\t\t\t\t<\/div>\r\n\t\t\t\r\n\t\t\t\t<\/div>\n\t\t\t\t<\/div>\n\t\t\t\t<section class=\"elementor-section elementor-inner-section elementor-element elementor-element-2d46531 elementor-section-full_width elementor-section-height-default elementor-section-height-default\" data-id=\"2d46531\" data-element_type=\"section\">\n\t\t\t\t\t\t<div class=\"elementor-container elementor-column-gap-default\">\n\t\t\t\t\t<div class=\"elementor-column elementor-col-25 elementor-inner-column elementor-element elementor-element-3ec4fc8 elementor-invisible\" data-id=\"3ec4fc8\" data-element_type=\"column\" data-settings=\"{&quot;animation&quot;:&quot;fadeInLeft&quot;}\">\n\t\t\t<div class=\"elementor-widget-wrap elementor-element-populated\">\n\t\t\t\t\t\t<div class=\"elementor-element elementor-element-95cfbde elementor-widget elementor-widget-service\" data-id=\"95cfbde\" data-element_type=\"widget\" data-widget_type=\"service.default\">\n\t\t\t\t<div class=\"elementor-widget-container\">\n\t\t\t\r\n\t\t\t\t\t<div class=\"service-box style7 active\">\r\n\t\t\t        <img decoding=\"async\" src=\"https:\/\/www.villarenkalacati.com\/wp-content\/uploads\/2024\/02\/deluxe-double-room.jpg\" alt=\"\">\r\n\t\t\t        <div class=\"icon\">\r\n\t\t\t\t\t\t\t\t\t\t\t\t\t\t\t\t\t\t\t\t    <\/div>\r\n\t\t\t\t    <div class=\"content\">\r\n\t\t\t\t        <h4 class=\"sub-title\"><\/h4>\r\n\t\t\t\t\t    <h3 class=\"title\">DELUXE ODA<\/h3>\r\n\t\t\t\t    \t<p class=\"description\"><\/p>\r\n\t\t\t\t\t    \t\t\t\t\t\t<div class=\"service-btn\">\r\n\t\t\t\t\t\t\t<a href=\"https:\/\/www.villarenkalacati.com\/?page_id=6719\">\r\n\t\t\t\t\t\t\t\tDetaylar & Rezervasyon\t\t\t\t\t\t\t\t<i aria-hidden=\"true\" class=\"flaticon flaticon-right-arrow\"><\/i>\t\t\t\t\t\t\t<\/a>\r\n\t\t\t\t\t\t<\/div>\r\n\t\t\t\t\t    \t\t\t\t    <\/div>\r\n\t\t\t<\/div>\r\n\r\n\t\t\t\t<\/div>\n\t\t\t\t<\/div>\n\t\t\t\t\t<\/div>\n\t\t<\/div>\n\t\t\t\t<div class=\"elementor-column elementor-col-25 elementor-inner-column elementor-element elementor-element-f785c13 elementor-invisible\" data-id=\"f785c13\" data-element_type=\"column\" data-settings=\"{&quot;animation&quot;:&quot;fadeInLeft&quot;}\">\n\t\t\t<div class=\"elementor-widget-wrap elementor-element-populated\">\n\t\t\t\t\t\t<div class=\"elementor-element elementor-element-cd1c5ce elementor-widget elementor-widget-service\" data-id=\"cd1c5ce\" data-element_type=\"widget\" data-widget_type=\"service.default\">\n\t\t\t\t<div class=\"elementor-widget-container\">\n\t\t\t\r\n\t\t\t\t\t<div class=\"service-box style7 active\">\r\n\t\t\t        <img decoding=\"async\" src=\"https:\/\/www.villarenkalacati.com\/wp-content\/uploads\/2024\/02\/deluxe-family-room.jpg\" alt=\"\">\r\n\t\t\t        <div class=\"icon\">\r\n\t\t\t\t\t\t\t\t\t\t\t\t\t\t\t\t\t\t\t\t    <\/div>\r\n\t\t\t\t    <div class=\"content\">\r\n\t\t\t\t        <h4 class=\"sub-title\"><\/h4>\r\n\t\t\t\t\t    <h3 class=\"title\">DELUXE A\u0130LE<\/h3>\r\n\t\t\t\t    \t<p class=\"description\"><\/p>\r\n\t\t\t\t\t    \t\t\t\t\t\t<div class=\"service-btn\">\r\n\t\t\t\t\t\t\t<a href=\"https:\/\/www.villarenkalacati.com\/?page_id=2024\">\r\n\t\t\t\t\t\t\t\tDetaylar & Rezervasyon\t\t\t\t\t\t\t\t<i aria-hidden=\"true\" class=\"flaticon flaticon-right-arrow\"><\/i>\t\t\t\t\t\t\t<\/a>\r\n\t\t\t\t\t\t<\/div>\r\n\t\t\t\t\t    \t\t\t\t    <\/div>\r\n\t\t\t<\/div>\r\n\r\n\t\t\t\t<\/div>\n\t\t\t\t<\/div>\n\t\t\t\t\t<\/div>\n\t\t<\/div>\n\t\t\t\t<div class=\"elementor-column elementor-col-25 elementor-inner-column elementor-element elementor-element-cf89e8b elementor-invisible\" data-id=\"cf89e8b\" data-element_type=\"column\" data-settings=\"{&quot;animation&quot;:&quot;fadeInUp&quot;}\">\n\t\t\t<div class=\"elementor-widget-wrap elementor-element-populated\">\n\t\t\t\t\t\t<div class=\"elementor-element elementor-element-04ae184 elementor-widget elementor-widget-service\" data-id=\"04ae184\" data-element_type=\"widget\" data-widget_type=\"service.default\">\n\t\t\t\t<div class=\"elementor-widget-container\">\n\t\t\t\r\n\t\t\t\t\t<div class=\"service-box style7 active\">\r\n\t\t\t        <img decoding=\"async\" src=\"https:\/\/www.villarenkalacati.com\/wp-content\/uploads\/2024\/02\/deluxe-suite.jpg\" alt=\"\">\r\n\t\t\t        <div class=\"icon\">\r\n\t\t\t\t\t\t\t\t\t\t\t\t\t\t\t\t\t\t\t\t    <\/div>\r\n\t\t\t\t    <div class=\"content\">\r\n\t\t\t\t        <h4 class=\"sub-title\"><\/h4>\r\n\t\t\t\t\t    <h3 class=\"title\">DELUXE SUITE<\/h3>\r\n\t\t\t\t    \t<p class=\"description\"><\/p>\r\n\t\t\t\t\t    \t\t\t\t\t\t<div class=\"service-btn\">\r\n\t\t\t\t\t\t\t<a href=\"https:\/\/www.villarenkalacati.com\/?page_id=6731\">\r\n\t\t\t\t\t\t\t\tDetaylar & Rezervasyon\t\t\t\t\t\t\t\t<i aria-hidden=\"true\" class=\"flaticon flaticon-right-arrow\"><\/i>\t\t\t\t\t\t\t<\/a>\r\n\t\t\t\t\t\t<\/div>\r\n\t\t\t\t\t    \t\t\t\t    <\/div>\r\n\t\t\t<\/div>\r\n\r\n\t\t\t\t<\/div>\n\t\t\t\t<\/div>\n\t\t\t\t\t<\/div>\n\t\t<\/div>\n\t\t\t\t<div class=\"elementor-column elementor-col-25 elementor-inner-column elementor-element elementor-element-2f4f59c elementor-invisible\" data-id=\"2f4f59c\" data-element_type=\"column\" data-settings=\"{&quot;animation&quot;:&quot;fadeInRight&quot;}\">\n\t\t\t<div class=\"elementor-widget-wrap elementor-element-populated\">\n\t\t\t\t\t\t<div class=\"elementor-element elementor-element-d91cd2a elementor-widget elementor-widget-service\" data-id=\"d91cd2a\" data-element_type=\"widget\" data-widget_type=\"service.default\">\n\t\t\t\t<div class=\"elementor-widget-container\">\n\t\t\t\r\n\t\t\t\t\t<div class=\"service-box style7 active\">\r\n\t\t\t        <img decoding=\"async\" src=\"https:\/\/www.villarenkalacati.com\/wp-content\/uploads\/2024\/02\/deluxe-terrace-suite.jpg\" alt=\"\">\r\n\t\t\t        <div class=\"icon\">\r\n\t\t\t\t\t\t\t\t\t\t\t\t\t\t\t\t\t\t\t\t    <\/div>\r\n\t\t\t\t    <div class=\"content\">\r\n\t\t\t\t        <h4 class=\"sub-title\"><\/h4>\r\n\t\t\t\t\t    <h3 class=\"title\">TERAS SUITE<\/h3>\r\n\t\t\t\t    \t<p class=\"description\"><\/p>\r\n\t\t\t\t\t    \t\t\t\t\t\t<div class=\"service-btn\">\r\n\t\t\t\t\t\t\t<a href=\"https:\/\/www.villarenkalacati.com\/?page_id=6737\">\r\n\t\t\t\t\t\t\t\tDetaylar & Rezervasyon\t\t\t\t\t\t\t\t<i aria-hidden=\"true\" class=\"flaticon flaticon-right-arrow\"><\/i>\t\t\t\t\t\t\t<\/a>\r\n\t\t\t\t\t\t<\/div>\r\n\t\t\t\t\t    \t\t\t\t    <\/div>\r\n\t\t\t<\/div>\r\n\r\n\t\t\t\t<\/div>\n\t\t\t\t<\/div>\n\t\t\t\t\t<\/div>\n\t\t<\/div>\n\t\t\t\t\t<\/div>\n\t\t<\/section>\n\t\t\t\t\t<\/div>\n\t\t<\/div>\n\t\t\t\t\t<\/div>\n\t\t<\/section>\n\t\t\t\t<\/div>\n\t\t","protected":false},"excerpt":{"rendered":"<p>VILLA RENK HOTEL&#8217;E HO\u015eGELD\u0130N\u0130Z Ala\u00e7at\u0131&#8217;n\u0131n kalbinde e\u015fsiz konaklama deneyiminin kilidini a\u00e7\u0131n! REZERVASYON VILLA RENK HOTEL&#8217;E HO\u015eGELD\u0130N\u0130Z Ala\u00e7at\u0131&#8217;n\u0131n huzurunu ya\u015fay\u0131n, konforu ke\u015ffedin. REZERVASYON +90 232 723 22 26 VILLA RENK HOTEL&#8217;E HO\u015eGELD\u0130N\u0130Z Ala\u00e7at\u0131&#8217;n\u0131n s\u0131cak atmosferinde unutulmaz bir konaklama REZERVASYON +90 232 723 22 26 Villa Renk Hotel Odalar\u0131 Y\u00fcksek hizmet kalitesi ve konforla tan\u0131\u015f\u0131n DELUXE ODA [&hellip;]<\/p>\n","protected":false},"author":1,"featured_media":0,"parent":0,"menu_order":0,"comment_status":"closed","ping_status":"closed","template":"page-templates\/template-fullwidth.php","meta":{"footnotes":""},"class_list":["post-2691","page","type-page","status-publish","hentry"],"_links":{"self":[{"href":"https:\/\/www.villarenkalacati.com\/index.php?rest_route=\/wp\/v2\/pages\/2691","targetHints":{"allow":["GET"]}}],"collection":[{"href":"https:\/\/www.villarenkalacati.com\/index.php?rest_route=\/wp\/v2\/pages"}],"about":[{"href":"https:\/\/www.villarenkalacati.com\/index.php?rest_route=\/wp\/v2\/types\/page"}],"author":[{"embeddable":true,"href":"https:\/\/www.villarenkalacati.com\/index.php?rest_route=\/wp\/v2\/users\/1"}],"replies":[{"embeddable":true,"href":"https:\/\/www.villarenkalacati.com\/index.php?rest_route=%2Fwp%2Fv2%2Fcomments&post=2691"}],"version-history":[{"count":44,"href":"https:\/\/www.villarenkalacati.com\/index.php?rest_route=\/wp\/v2\/pages\/2691\/revisions"}],"predecessor-version":[{"id":6946,"href":"https:\/\/www.villarenkalacati.com\/index.php?rest_route=\/wp\/v2\/pages\/2691\/revisions\/6946"}],"wp:attachment":[{"href":"https:\/\/www.villarenkalacati.com\/index.php?rest_route=%2Fwp%2Fv2%2Fmedia&parent=2691"}],"curies":[{"name":"wp","href":"https:\/\/api.w.org\/{rel}","templated":true}]}}